{"id":14032,"date":"2023-08-17T20:41:03","date_gmt":"2023-08-18T01:41:03","guid":{"rendered":"https:\/\/gatodumas.com.co\/barranquilla\/?post_type=product&#038;p=14032"},"modified":"2025-07-26T17:51:39","modified_gmt":"2025-07-26T15:51:39","slug":"intensivo-de-cocina","status":"publish","type":"product","link":"https:\/\/gatodumas.com.co\/barranquilla\/producto\/intensivo-de-cocina\/","title":{"rendered":"Intensivo de Cocina B\u00e1sica"},"content":{"rendered":"<div class=\"wpb-content-wrapper\"><p>[vc_row][vc_column][vc_single_image image=\u00bb13159&#8243; img_size=\u00bbfull\u00bb onclick=\u00bbcustom_link\u00bb link=\u00bbhttps:\/\/digital.sufi.apps.bancolombia.com\/autogestion\/solicitar\/consumidor\/GATO_DUMAS\u00bb][vc_empty_space][\/vc_column][\/vc_row][vc_row][vc_column width=\u00bb1\/3&#8243;][thim-heading title=\u00bbVirtual\u00bb title_uppercase=\u00bb\u00bb textcolor=\u00bb#81d742&#8243; title_custom=\u00bbcustom\u00bb font_weight=\u00bb\u00bb clone_title=\u00bb\u00bb line=\u00bb\u00bb text_align=\u00bbtext-center\u00bb][\/vc_column][vc_column width=\u00bb1\/3&#8243;][thim-heading title=\u00bbPresencial\u00bb title_uppercase=\u00bb\u00bb textcolor=\u00bb#dd3333&#8243; title_custom=\u00bbcustom\u00bb font_weight=\u00bb\u00bb clone_title=\u00bb\u00bb line=\u00bb\u00bb text_align=\u00bbtext-center\u00bb][\/vc_column][vc_column width=\u00bb1\/3&#8243;][thim-heading title=\u00bbSemi-Presencial\u00bb title_uppercase=\u00bb\u00bb textcolor=\u00bb#1e73be\u00bb title_custom=\u00bbcustom\u00bb font_weight=\u00bb\u00bb clone_title=\u00bb\u00bb line=\u00bb\u00bb text_align=\u00bbtext-center\u00bb][\/vc_column][\/vc_row][vc_row][vc_column][vc_tta_tabs][vc_tta_section title=\u00bbPensum\u00bb tab_id=\u00bb1692818938102-23f1bebb-5f23&#8243;][vc_cta h2=\u00bbCocina I\u00bb txt_align=\u00bbcenter\u00bb style=\u00bboutline\u00bb color=\u00bbjuicy-pink\u00bb]Cualidades del cocinero profesional. Uso de cuchillos. La brigada de cocina. La mise en place. T\u00e9cnicas de corte de vegetales. M\u00e9todos de cocci\u00f3n. Transferencias de calor.[\/vc_cta][vc_cta h2=\u00bbHigiene y Nutrici\u00f3n\u00bb txt_align=\u00bbcenter\u00bb style=\u00bboutline\u00bb color=\u00bbgreen\u00bb]Enfermedades transmitidas por alimentos. Microorganismos. Bacterias. Intoxicaciones provocadas por los alimentos. Preservaci\u00f3n de alimentos. \u201cBuenas pr\u00e1cticas\u201d (BMP) Nutrici\u00f3n. Etapas de la nutrici\u00f3n. Nutrientes. Clasificaci\u00f3n. Funciones y fuentes. Alimentos. Definici\u00f3n y clasificaci\u00f3n de los alimentos. Composici\u00f3n y pir\u00e1mide nutricional. Energ\u00eda y par\u00e1metros nutricionales.[\/vc_cta][vc_cta h2=\u00bbServicio\u00bb txt_align=\u00bbcenter\u00bb style=\u00bboutline\u00bb color=\u00bbgreen\u00bb]Concepto de servicio. Calidad y excelencia en el servicio. Herramientas para cada p\u00fablico. Concepto de personalidad, identidad e imagen. Principios y normas protocolares del ceremonial social sobre las que se fundamentan la atenci\u00f3n y el servicio al cliente en situaciones sociales.[\/vc_cta][\/vc_tta_section][vc_tta_section title=\u00bbClase a Clase\u00bb tab_id=\u00bb1593481474883-0ca6c866-5b18&#8243;][vc_column_text]<\/p>\n<h4>Mi\u00e9rcoles, 18 de octubre de 2023<\/h4>\n<ul>\n<li>CORTES DE PAPA<\/li>\n<\/ul>\n<h4>Viernes, 20 de octubre de 2023<\/h4>\n<ul>\n<li>CORTES DE HORTALIZAS<\/li>\n<\/ul>\n<h4>Lunes, 23 de octubre de 2023<\/h4>\n<ul>\n<li>TEOR\u00cdA DE LAS COCCIONES I<\/li>\n<\/ul>\n<h4>Mi\u00e9rcoles, 25 de octubre de 2023<\/h4>\n<ul>\n<li>TEOR\u00cdA DE LAS COCCIONES II<\/li>\n<\/ul>\n<h4>Viernes, 27 de octubre de 2023<\/h4>\n<ul>\n<li>FONDOS Y SALSAS BLANCAS MADRES<\/li>\n<\/ul>\n<h4>Lunes, 30 de octubre de 2023<\/h4>\n<ul>\n<li>SALSAS<\/li>\n<\/ul>\n<h4>Mi\u00e9rcoles, 1 de noviembre de 2023<\/h4>\n<ul>\n<li>HUEVOS I<\/li>\n<\/ul>\n<h4>Viernes, 3 de noviembre de 2023<\/h4>\n<ul>\n<li>HUEVOS II Y ENSALADAS PR\u00c1CTICO<\/li>\n<\/ul>\n<h4>Mi\u00e9rcoles, 8 de noviembre de 2023<\/h4>\n<ul>\n<li>GUARNICIONES<\/li>\n<\/ul>\n<h4>Viernes, 10 de noviembre de 2023<\/h4>\n<ul>\n<li>GUISOS<\/li>\n<\/ul>\n<h4>Mi\u00e9rcoles, 15 de noviembre de 2023<\/h4>\n<ul>\n<li>FRITURAS<\/li>\n<\/ul>\n<h4>Viernes, 17 de noviembre de 2023<\/h4>\n<ul>\n<li>CEREALES Y LEGUMBRES<\/li>\n<\/ul>\n<h4>Lunes, 20 de noviembre de 2023<\/h4>\n<ul>\n<li>ARROZ<\/li>\n<\/ul>\n<h4>Mi\u00e9rcoles, 22 de noviembre de 2023<\/h4>\n<ul>\n<li>SOPAS Y POTAJES<\/li>\n<\/ul>\n<h4>Viernes, 24 de noviembre de 2023<\/h4>\n<ul>\n<li>PARCIAL<\/li>\n<\/ul>\n<p>[\/vc_column_text][\/vc_tta_section][\/vc_tta_tabs][\/vc_column][\/vc_row][vc_row][vc_column][thim-heading title=\u00bbEgresados\u00bb main_title=\u00bb\u00a1Ser Gato Dumas es un orgullo de pocos que impactan a muchos!\u00bb title_uppercase=\u00bb\u00bb clone_title=\u00bb\u00bb line=\u00bb\u00bb][thim-testimonials limit=\u00bb15&#8243; pause_time=\u00bb5000&#8243; autoplay=\u00bbtrue\u00bb mousewheel=\u00bb\u00bb link_to_single=\u00bb\u00bb][\/vc_column][\/vc_row]<\/p>\n<\/div>","protected":false},"excerpt":{"rendered":"<div dir=\"auto\">Nuestro Intensivo de Cocina B\u00e1sica te sumerge en un viaje gastron\u00f3mico que transformar\u00e1 tus habilidades culinarias. Aprende las bases, domina t\u00e9cnicas <b>e inicia la conquista de la cocina.<\/b><\/div>\n<div dir=\"auto\">\n<h3 dir=\"auto\"><strong>DIRIGIDO A:<\/strong><\/h3>\n<ol>\n<li dir=\"auto\">Aquellas personas que no alcanzaron a Matricularse en el mes de Agosto 2023.<\/li>\n<li dir=\"auto\">Quienes quieren comprobar su vocaci\u00f3n Gastron\u00f3mica.<\/li>\n<li dir=\"auto\">Personas que buscar emplearse en el exterior.<\/li>\n<li dir=\"auto\">Estudiantes de \u00faltimo grado de colegio y quieren iniciar su carrera mientras terminan.<\/li>\n<li dir=\"auto\">Las personas que quieran dar el primer paso en la Gastronom\u00eda y no cuenten con los recursos financieros para iniciar con el programa de cocina.<\/li>\n<\/ol>\n<\/div>\n<div dir=\"auto\">\n<h3><strong>DETALLES<\/strong><\/h3>\n<ul>\n<li><strong>Duraci\u00f3n:<\/strong> 18 de Octubre al 24 de Noviembre<\/li>\n<li>\n<div><strong>Clases:<\/strong> Lunes &#8211; Mi\u00e9rcoles &#8211; Viernes<\/div>\n<div><strong>Horario:<\/strong> 5:30 a 7:30 pm<\/div>\n<\/li>\n<li><strong>Inscripci\u00f3n: <\/strong>400.000<\/li>\n<li><strong>Inversi\u00f3n:<\/strong> $4.500.000 (Incluye Uniforme)<\/li>\n<li><strong>Inicio de clases:<\/strong> 18 de Octubre de 2023<\/li>\n<\/ul>\n<\/div>\n<h3><strong>CONDICIONES:<\/strong><\/h3>\n<ul>\n<li dir=\"auto\">Constancia:\u00a0 120 horas cursadas<\/li>\n<li dir=\"auto\">Evauaciones: Te\u00f3ricas a trav\u00e9s de la plataforma de estudiantes de Gato Dumas.<\/li>\n<li dir=\"auto\">Homologaci\u00f3n: Este intensivo es 100% homologable con nuestro programa de Cocina<\/li>\n<li dir=\"auto\">Forma de pago: Contado o financiaci\u00f3n 50% al iniciar 50% a las mitad del curso.<\/li>\n<\/ul>\n<p><a href=\"https:\/\/biz.payulatam.com\/L0cdb3f75C54AF8\" target=\"_blank\" rel=\"noopener\"><img loading=\"lazy\" decoding=\"async\" class=\"alignnone wp-image-13563\" src=\"https:\/\/gatodumas.com.co\/barranquilla\/wp-content\/uploads\/sites\/8\/2013\/06\/PAGAR-AHORA-300x113.png\" alt=\"\" width=\"151\" height=\"57\" \/><\/a><\/p>\n<div class=\"popupaoc-shortcode-preview\">\n<div class=\"popupaoc-shortcode-preview\">[popup_anything id=\u00bb14037&#8243;]<\/div>\n<\/div>\n","protected":false},"featured_media":14035,"comment_status":"closed","ping_status":"closed","template":"","meta":{"_acf_changed":false},"product_brand":[],"product_cat":[15],"product_tag":[],"class_list":{"0":"post-14032","1":"product","2":"type-product","3":"status-publish","4":"has-post-thumbnail","6":"product_cat-sin-categorizar","8":"first","9":"instock","10":"shipping-taxable","11":"purchasable","12":"product-type-simple"},"acf":[],"yoast_head":"<!-- This site is optimized with the Yoast SEO plugin v25.9 - https:\/\/yoast.com\/wordpress\/plugins\/seo\/ -->\n<title>Intensivo de Cocina B\u00e1sica - Gato Dumas Barranquilla<\/title>\n<meta name=\"robots\" content=\"index, follow, max-snippet:-1, max-image-preview:large, max-video-preview:-1\" \/>\n<link rel=\"canonical\" href=\"https:\/\/gatodumas.com.co\/barranquilla\/producto\/intensivo-de-cocina\/\" \/>\n<meta property=\"og:locale\" content=\"es_ES\" \/>\n<meta property=\"og:type\" content=\"article\" \/>\n<meta property=\"og:title\" content=\"Intensivo de Cocina B\u00e1sica - Gato Dumas Barranquilla\" \/>\n<meta property=\"og:description\" content=\"Nuestro Intensivo de Cocina B\u00e1sica te sumerge en un viaje gastron\u00f3mico que transformar\u00e1 tus habilidades culinarias. Aprende las bases, domina t\u00e9cnicas e inicia la conquista de la cocina. DIRIGIDO A:  Aquellas personas que no alcanzaron a Matricularse en el mes de Agosto 2023.  Quienes quieren comprobar su vocaci\u00f3n Gastron\u00f3mica.  Personas que buscar emplearse en el exterior.  Estudiantes de \u00faltimo grado de colegio y quieren iniciar su carrera mientras terminan.  Las personas que quieran dar el primer paso en la Gastronom\u00eda y no cuenten con los recursos financieros para iniciar con el programa de cocina.  DETALLES  Duraci\u00f3n: 18 de Octubre al 24 de Noviembre  Clases: Lunes - Mi\u00e9rcoles - Viernes Horario: 5:30 a 7:30 pm  Inscripci\u00f3n: 400.000  Inversi\u00f3n: $4.500.000 (Incluye Uniforme)  Inicio de clases: 18 de Octubre de 2023  CONDICIONES:  Constancia:\u00a0 120 horas cursadas  Evauaciones: Te\u00f3ricas a trav\u00e9s de la plataforma de estudiantes de Gato Dumas.  Homologaci\u00f3n: Este intensivo es 100% homologable con nuestro programa de Cocina  Forma de pago: Contado o financiaci\u00f3n 50% al iniciar 50% a las mitad del curso.  [popup_anything id=&quot;14037&quot;]\" \/>\n<meta property=\"og:url\" content=\"https:\/\/gatodumas.com.co\/barranquilla\/producto\/intensivo-de-cocina\/\" \/>\n<meta property=\"og:site_name\" content=\"Gato Dumas Barranquilla\" \/>\n<meta property=\"article:modified_time\" content=\"2025-07-26T15:51:39+00:00\" \/>\n<meta name=\"twitter:card\" content=\"summary_large_image\" \/>\n<meta name=\"twitter:label1\" content=\"Tiempo de lectura\" \/>\n\t<meta name=\"twitter:data1\" content=\"2 minutos\" \/>\n<script type=\"application\/ld+json\" class=\"yoast-schema-graph\">{\"@context\":\"https:\/\/schema.org\",\"@graph\":[{\"@type\":\"WebPage\",\"@id\":\"https:\/\/gatodumas.com.co\/barranquilla\/producto\/intensivo-de-cocina\/\",\"url\":\"https:\/\/gatodumas.com.co\/barranquilla\/producto\/intensivo-de-cocina\/\",\"name\":\"Intensivo de Cocina B\u00e1sica - Gato Dumas Barranquilla\",\"isPartOf\":{\"@id\":\"https:\/\/gatodumas.com.co\/barranquilla\/#website\"},\"primaryImageOfPage\":{\"@id\":\"https:\/\/gatodumas.com.co\/barranquilla\/producto\/intensivo-de-cocina\/#primaryimage\"},\"image\":{\"@id\":\"https:\/\/gatodumas.com.co\/barranquilla\/producto\/intensivo-de-cocina\/#primaryimage\"},\"thumbnailUrl\":\"\",\"datePublished\":\"2023-08-18T01:41:03+00:00\",\"dateModified\":\"2025-07-26T15:51:39+00:00\",\"breadcrumb\":{\"@id\":\"https:\/\/gatodumas.com.co\/barranquilla\/producto\/intensivo-de-cocina\/#breadcrumb\"},\"inLanguage\":\"es\",\"potentialAction\":[{\"@type\":\"ReadAction\",\"target\":[\"https:\/\/gatodumas.com.co\/barranquilla\/producto\/intensivo-de-cocina\/\"]}]},{\"@type\":\"ImageObject\",\"inLanguage\":\"es\",\"@id\":\"https:\/\/gatodumas.com.co\/barranquilla\/producto\/intensivo-de-cocina\/#primaryimage\",\"url\":\"\",\"contentUrl\":\"\"},{\"@type\":\"BreadcrumbList\",\"@id\":\"https:\/\/gatodumas.com.co\/barranquilla\/producto\/intensivo-de-cocina\/#breadcrumb\",\"itemListElement\":[{\"@type\":\"ListItem\",\"position\":1,\"name\":\"Portada\",\"item\":\"https:\/\/gatodumas.com.co\/barranquilla\/\"},{\"@type\":\"ListItem\",\"position\":2,\"name\":\"Productos\",\"item\":\"https:\/\/gatodumas.com.co\/barranquilla\/shop\/\"},{\"@type\":\"ListItem\",\"position\":3,\"name\":\"Intensivo de Cocina B\u00e1sica\"}]},{\"@type\":\"WebSite\",\"@id\":\"https:\/\/gatodumas.com.co\/barranquilla\/#website\",\"url\":\"https:\/\/gatodumas.com.co\/barranquilla\/\",\"name\":\"Gato Dumas Barranquilla\",\"description\":\"\",\"publisher\":{\"@id\":\"https:\/\/gatodumas.com.co\/barranquilla\/#organization\"},\"potentialAction\":[{\"@type\":\"SearchAction\",\"target\":{\"@type\":\"EntryPoint\",\"urlTemplate\":\"https:\/\/gatodumas.com.co\/barranquilla\/?s={search_term_string}\"},\"query-input\":{\"@type\":\"PropertyValueSpecification\",\"valueRequired\":true,\"valueName\":\"search_term_string\"}}],\"inLanguage\":\"es\"},{\"@type\":\"Organization\",\"@id\":\"https:\/\/gatodumas.com.co\/barranquilla\/#organization\",\"name\":\"Gato Dumas Barranquilla\",\"url\":\"https:\/\/gatodumas.com.co\/barranquilla\/\",\"logo\":{\"@type\":\"ImageObject\",\"inLanguage\":\"es\",\"@id\":\"https:\/\/gatodumas.com.co\/barranquilla\/#\/schema\/logo\/image\/\",\"url\":\"https:\/\/gatodumas.com.co\/barranquilla\/wp-content\/uploads\/sites\/3\/2024\/03\/cropped-dumas-negro-01-1-1.png\",\"contentUrl\":\"https:\/\/gatodumas.com.co\/barranquilla\/wp-content\/uploads\/sites\/3\/2024\/03\/cropped-dumas-negro-01-1-1.png\",\"width\":2496,\"height\":854,\"caption\":\"Gato Dumas Barranquilla\"},\"image\":{\"@id\":\"https:\/\/gatodumas.com.co\/barranquilla\/#\/schema\/logo\/image\/\"}}]}<\/script>\n<!-- \/ Yoast SEO plugin. -->","yoast_head_json":{"title":"Intensivo de Cocina B\u00e1sica - Gato Dumas Barranquilla","robots":{"index":"index","follow":"follow","max-snippet":"max-snippet:-1","max-image-preview":"max-image-preview:large","max-video-preview":"max-video-preview:-1"},"canonical":"https:\/\/gatodumas.com.co\/barranquilla\/producto\/intensivo-de-cocina\/","og_locale":"es_ES","og_type":"article","og_title":"Intensivo de Cocina B\u00e1sica - Gato Dumas Barranquilla","og_description":"Nuestro Intensivo de Cocina B\u00e1sica te sumerge en un viaje gastron\u00f3mico que transformar\u00e1 tus habilidades culinarias. Aprende las bases, domina t\u00e9cnicas e inicia la conquista de la cocina. DIRIGIDO A:  Aquellas personas que no alcanzaron a Matricularse en el mes de Agosto 2023.  Quienes quieren comprobar su vocaci\u00f3n Gastron\u00f3mica.  Personas que buscar emplearse en el exterior.  Estudiantes de \u00faltimo grado de colegio y quieren iniciar su carrera mientras terminan.  Las personas que quieran dar el primer paso en la Gastronom\u00eda y no cuenten con los recursos financieros para iniciar con el programa de cocina.  DETALLES  Duraci\u00f3n: 18 de Octubre al 24 de Noviembre  Clases: Lunes - Mi\u00e9rcoles - Viernes Horario: 5:30 a 7:30 pm  Inscripci\u00f3n: 400.000  Inversi\u00f3n: $4.500.000 (Incluye Uniforme)  Inicio de clases: 18 de Octubre de 2023  CONDICIONES:  Constancia:\u00a0 120 horas cursadas  Evauaciones: Te\u00f3ricas a trav\u00e9s de la plataforma de estudiantes de Gato Dumas.  Homologaci\u00f3n: Este intensivo es 100% homologable con nuestro programa de Cocina  Forma de pago: Contado o financiaci\u00f3n 50% al iniciar 50% a las mitad del curso.  [popup_anything id=\"14037\"]","og_url":"https:\/\/gatodumas.com.co\/barranquilla\/producto\/intensivo-de-cocina\/","og_site_name":"Gato Dumas Barranquilla","article_modified_time":"2025-07-26T15:51:39+00:00","twitter_card":"summary_large_image","twitter_misc":{"Tiempo de lectura":"2 minutos"},"schema":{"@context":"https:\/\/schema.org","@graph":[{"@type":"WebPage","@id":"https:\/\/gatodumas.com.co\/barranquilla\/producto\/intensivo-de-cocina\/","url":"https:\/\/gatodumas.com.co\/barranquilla\/producto\/intensivo-de-cocina\/","name":"Intensivo de Cocina B\u00e1sica - Gato Dumas Barranquilla","isPartOf":{"@id":"https:\/\/gatodumas.com.co\/barranquilla\/#website"},"primaryImageOfPage":{"@id":"https:\/\/gatodumas.com.co\/barranquilla\/producto\/intensivo-de-cocina\/#primaryimage"},"image":{"@id":"https:\/\/gatodumas.com.co\/barranquilla\/producto\/intensivo-de-cocina\/#primaryimage"},"thumbnailUrl":"","datePublished":"2023-08-18T01:41:03+00:00","dateModified":"2025-07-26T15:51:39+00:00","breadcrumb":{"@id":"https:\/\/gatodumas.com.co\/barranquilla\/producto\/intensivo-de-cocina\/#breadcrumb"},"inLanguage":"es","potentialAction":[{"@type":"ReadAction","target":["https:\/\/gatodumas.com.co\/barranquilla\/producto\/intensivo-de-cocina\/"]}]},{"@type":"ImageObject","inLanguage":"es","@id":"https:\/\/gatodumas.com.co\/barranquilla\/producto\/intensivo-de-cocina\/#primaryimage","url":"","contentUrl":""},{"@type":"BreadcrumbList","@id":"https:\/\/gatodumas.com.co\/barranquilla\/producto\/intensivo-de-cocina\/#breadcrumb","itemListElement":[{"@type":"ListItem","position":1,"name":"Portada","item":"https:\/\/gatodumas.com.co\/barranquilla\/"},{"@type":"ListItem","position":2,"name":"Productos","item":"https:\/\/gatodumas.com.co\/barranquilla\/shop\/"},{"@type":"ListItem","position":3,"name":"Intensivo de Cocina B\u00e1sica"}]},{"@type":"WebSite","@id":"https:\/\/gatodumas.com.co\/barranquilla\/#website","url":"https:\/\/gatodumas.com.co\/barranquilla\/","name":"Gato Dumas Barranquilla","description":"","publisher":{"@id":"https:\/\/gatodumas.com.co\/barranquilla\/#organization"},"potentialAction":[{"@type":"SearchAction","target":{"@type":"EntryPoint","urlTemplate":"https:\/\/gatodumas.com.co\/barranquilla\/?s={search_term_string}"},"query-input":{"@type":"PropertyValueSpecification","valueRequired":true,"valueName":"search_term_string"}}],"inLanguage":"es"},{"@type":"Organization","@id":"https:\/\/gatodumas.com.co\/barranquilla\/#organization","name":"Gato Dumas Barranquilla","url":"https:\/\/gatodumas.com.co\/barranquilla\/","logo":{"@type":"ImageObject","inLanguage":"es","@id":"https:\/\/gatodumas.com.co\/barranquilla\/#\/schema\/logo\/image\/","url":"https:\/\/gatodumas.com.co\/barranquilla\/wp-content\/uploads\/sites\/3\/2024\/03\/cropped-dumas-negro-01-1-1.png","contentUrl":"https:\/\/gatodumas.com.co\/barranquilla\/wp-content\/uploads\/sites\/3\/2024\/03\/cropped-dumas-negro-01-1-1.png","width":2496,"height":854,"caption":"Gato Dumas Barranquilla"},"image":{"@id":"https:\/\/gatodumas.com.co\/barranquilla\/#\/schema\/logo\/image\/"}}]}},"_links":{"self":[{"href":"https:\/\/gatodumas.com.co\/barranquilla\/wp-json\/wp\/v2\/product\/14032","targetHints":{"allow":["GET"]}}],"collection":[{"href":"https:\/\/gatodumas.com.co\/barranquilla\/wp-json\/wp\/v2\/product"}],"about":[{"href":"https:\/\/gatodumas.com.co\/barranquilla\/wp-json\/wp\/v2\/types\/product"}],"replies":[{"embeddable":true,"href":"https:\/\/gatodumas.com.co\/barranquilla\/wp-json\/wp\/v2\/comments?post=14032"}],"wp:featuredmedia":[{"embeddable":true,"href":"https:\/\/gatodumas.com.co\/barranquilla\/wp-json\/wp\/v2\/product\/14035"}],"wp:attachment":[{"href":"https:\/\/gatodumas.com.co\/barranquilla\/wp-json\/wp\/v2\/media?parent=14032"}],"wp:term":[{"taxonomy":"product_brand","embeddable":true,"href":"https:\/\/gatodumas.com.co\/barranquilla\/wp-json\/wp\/v2\/product_brand?post=14032"},{"taxonomy":"product_cat","embeddable":true,"href":"https:\/\/gatodumas.com.co\/barranquilla\/wp-json\/wp\/v2\/product_cat?post=14032"},{"taxonomy":"product_tag","embeddable":true,"href":"https:\/\/gatodumas.com.co\/barranquilla\/wp-json\/wp\/v2\/product_tag?post=14032"}],"curies":[{"name":"wp","href":"https:\/\/api.w.org\/{rel}","templated":true}]}}