{"id":45,"date":"2024-02-28T22:33:27","date_gmt":"2024-02-28T21:33:27","guid":{"rendered":"https:\/\/pruebas.egt.com.co\/gatodumas\/bogota\/?page_id=45"},"modified":"2024-06-12T17:34:48","modified_gmt":"2024-06-12T15:34:48","slug":"area-administracion-y-eventos","status":"publish","type":"page","link":"https:\/\/gatodumas.com.co\/bogota\/programas\/area-administracion-y-eventos\/","title":{"rendered":"\u00c1rea Administraci\u00f3n y Eventos"},"content":{"rendered":"<div class=\"wpb-content-wrapper\"><p>[vc_row full_width=\u00bbstretch_row\u00bb equal_height=\u00bbyes\u00bb content_placement=\u00bbmiddle\u00bb el_class=\u00bbmt mb responsive-arriba-l\u00bb css=\u00bb.vc_custom_1718205878603{background-color: #f2f9f9 !important;}\u00bb][vc_column width=\u00bb1\/2&#8243; el_class=\u00bbimg-diplo img-diploa\u00bb css=\u00bb.vc_custom_1718205854348{background-color: #75c2b8 !important;}\u00bb][vc_single_image image=\u00bb15779&#8243; img_size=\u00bbfull\u00bb alignment=\u00bbcenter\u00bb el_class=\u00bbFotografia-varios-programa\u00bb][vc_single_image image=\u00bb15308&#8243; img_size=\u00bbfull\u00bb alignment=\u00bbright\u00bb el_class=\u00bbFotografia-varios-iconos\u00bb][\/vc_column][vc_column width=\u00bb1\/2&#8243; el_class=\u00bbcontenedor-diplomados\u00bb][vc_custom_heading text=\u00bb\u00c1rea de Administraci\u00f3n y Eventos\u00bb use_theme_fonts=\u00bbyes\u00bb el_class=\u00bblinea-titulos-principal mt mb\u00bb][vc_custom_heading text=\u00bbSupervisor de Establecimientos Gastr\u00f3nimicos\u00bb font_container=\u00bbtag:h3|text_align:left\u00bb use_theme_fonts=\u00bbyes\u00bb el_class=\u00bbmt mb text-verde\u00bb][vc_column_text]Descubre tu potencial en el mundo de la gastronom\u00eda con nuestro programa <strong>Supervisor de Establecimientos Gastron\u00f3micos.<\/strong> En Gato Dumas, te ofrecemos la oportunidad de liderar o emprender en este apasionante campo. <strong>\u00a1Convierte tus sue\u00f1os en realidad con nosotros!<\/strong>[\/vc_column_text][vc_column_text el_class=\u00bbboton-mas\u00bb]<a href=\"https:\/\/gatodumas.com.co\/bogota\/producto\/servicio-de-alimentos-eventos\/\">M\u00e1s Informaci\u00f3n<\/a>[\/vc_column_text][\/vc_column][\/vc_row]<\/p>\n<\/div>","protected":false},"excerpt":{"rendered":"<p>[vc_row full_width=\u00bbstretch_row\u00bb equal_height=\u00bbyes\u00bb content_placement=\u00bbmiddle\u00bb el_class=\u00bbmt mb responsive-arriba-l\u00bb css=\u00bb.vc_custom_1718205878603{background-color: #f2f9f9 !important;}\u00bb][vc_column width=\u00bb1\/2&#8243; el_class=\u00bbimg-diplo img-diploa\u00bb css=\u00bb.vc_custom_1718205854348{background-color: #75c2b8 !important;}\u00bb][vc_single_image image=\u00bb15779&#8243; img_size=\u00bbfull\u00bb alignment=\u00bbcenter\u00bb el_class=\u00bbFotografia-varios-programa\u00bb][vc_single_image image=\u00bb15308&#8243; img_size=\u00bbfull\u00bb alignment=\u00bbright\u00bb el_class=\u00bbFotografia-varios-iconos\u00bb][\/vc_column][vc_column width=\u00bb1\/2&#8243; el_class=\u00bbcontenedor-diplomados\u00bb][vc_custom_heading text=\u00bb\u00c1rea de Administraci\u00f3n y Eventos\u00bb use_theme_fonts=\u00bbyes\u00bb el_class=\u00bblinea-titulos-principal mt mb\u00bb][vc_custom_heading text=\u00bbSupervisor de Establecimientos Gastr\u00f3nimicos\u00bb font_container=\u00bbtag:h3|text_align:left\u00bb use_theme_fonts=\u00bbyes\u00bb el_class=\u00bbmt mb text-verde\u00bb][vc_column_text]Descubre tu potencial en el mundo de la gastronom\u00eda con nuestro programa &#8230; <a title=\"\u00c1rea Administraci\u00f3n y Eventos\" class=\"read-more\" href=\"https:\/\/gatodumas.com.co\/bogota\/programas\/area-administracion-y-eventos\/\" aria-label=\"Leer m\u00e1s sobre \u00c1rea Administraci\u00f3n y Eventos\">Leer m\u00e1s<\/a><\/p>\n","protected":false},"author":2,"featured_media":0,"parent":36,"menu_order":0,"comment_status":"closed","ping_status":"closed","template":"","meta":{"_acf_changed":false,"footnotes":""},"class_list":["post-45","page","type-page","status-publish"],"acf":[],"yoast_head":"<!-- This site is optimized with the Yoast SEO plugin v25.9 - https:\/\/yoast.com\/wordpress\/plugins\/seo\/ -->\n<title>\u00c1rea Administraci\u00f3n y Eventos - Gato Dumas Bogot\u00e1<\/title>\n<meta name=\"robots\" content=\"index, follow, max-snippet:-1, max-image-preview:large, max-video-preview:-1\" \/>\n<link rel=\"canonical\" href=\"https:\/\/gatodumas.com.co\/bogota\/programas\/area-administracion-y-eventos\/\" \/>\n<meta property=\"og:locale\" content=\"es_ES\" \/>\n<meta property=\"og:type\" content=\"article\" \/>\n<meta property=\"og:title\" content=\"\u00c1rea Administraci\u00f3n y Eventos - Gato Dumas Bogot\u00e1\" \/>\n<meta property=\"og:description\" content=\"[vc_row full_width=\u00bbstretch_row\u00bb equal_height=\u00bbyes\u00bb content_placement=\u00bbmiddle\u00bb el_class=\u00bbmt mb responsive-arriba-l\u00bb css=\u00bb.vc_custom_1718205878603{background-color: #f2f9f9 !important;}\u00bb][vc_column width=\u00bb1\/2&#8243; el_class=\u00bbimg-diplo img-diploa\u00bb css=\u00bb.vc_custom_1718205854348{background-color: #75c2b8 !important;}\u00bb][vc_single_image image=\u00bb15779&#8243; img_size=\u00bbfull\u00bb alignment=\u00bbcenter\u00bb el_class=\u00bbFotografia-varios-programa\u00bb][vc_single_image image=\u00bb15308&#8243; img_size=\u00bbfull\u00bb alignment=\u00bbright\u00bb el_class=\u00bbFotografia-varios-iconos\u00bb][\/vc_column][vc_column width=\u00bb1\/2&#8243; el_class=\u00bbcontenedor-diplomados\u00bb][vc_custom_heading text=\u00bb\u00c1rea de Administraci\u00f3n y Eventos\u00bb use_theme_fonts=\u00bbyes\u00bb el_class=\u00bblinea-titulos-principal mt mb\u00bb][vc_custom_heading text=\u00bbSupervisor de Establecimientos Gastr\u00f3nimicos\u00bb font_container=\u00bbtag:h3|text_align:left\u00bb use_theme_fonts=\u00bbyes\u00bb el_class=\u00bbmt mb text-verde\u00bb][vc_column_text]Descubre tu potencial en el mundo de la gastronom\u00eda con nuestro programa ... Leer m\u00e1s\" \/>\n<meta property=\"og:url\" content=\"https:\/\/gatodumas.com.co\/bogota\/programas\/area-administracion-y-eventos\/\" \/>\n<meta property=\"og:site_name\" content=\"Gato Dumas Bogot\u00e1\" \/>\n<meta property=\"article:modified_time\" content=\"2024-06-12T15:34:48+00:00\" \/>\n<meta name=\"twitter:card\" content=\"summary_large_image\" \/>\n<meta name=\"twitter:label1\" content=\"Tiempo de lectura\" \/>\n\t<meta name=\"twitter:data1\" content=\"1 minuto\" \/>\n<script type=\"application\/ld+json\" class=\"yoast-schema-graph\">{\"@context\":\"https:\/\/schema.org\",\"@graph\":[{\"@type\":\"WebPage\",\"@id\":\"https:\/\/gatodumas.com.co\/bogota\/programas\/area-administracion-y-eventos\/\",\"url\":\"https:\/\/gatodumas.com.co\/bogota\/programas\/area-administracion-y-eventos\/\",\"name\":\"\u00c1rea Administraci\u00f3n y Eventos - Gato Dumas Bogot\u00e1\",\"isPartOf\":{\"@id\":\"https:\/\/gatodumas.com.co\/bogota\/#website\"},\"datePublished\":\"2024-02-28T21:33:27+00:00\",\"dateModified\":\"2024-06-12T15:34:48+00:00\",\"breadcrumb\":{\"@id\":\"https:\/\/gatodumas.com.co\/bogota\/programas\/area-administracion-y-eventos\/#breadcrumb\"},\"inLanguage\":\"es\",\"potentialAction\":[{\"@type\":\"ReadAction\",\"target\":[\"https:\/\/gatodumas.com.co\/bogota\/programas\/area-administracion-y-eventos\/\"]}]},{\"@type\":\"BreadcrumbList\",\"@id\":\"https:\/\/gatodumas.com.co\/bogota\/programas\/area-administracion-y-eventos\/#breadcrumb\",\"itemListElement\":[{\"@type\":\"ListItem\",\"position\":1,\"name\":\"Portada\",\"item\":\"https:\/\/gatodumas.com.co\/bogota\/\"},{\"@type\":\"ListItem\",\"position\":2,\"name\":\"Programas\",\"item\":\"https:\/\/gatodumas.com.co\/bogota\/programas\/\"},{\"@type\":\"ListItem\",\"position\":3,\"name\":\"\u00c1rea Administraci\u00f3n y Eventos\"}]},{\"@type\":\"WebSite\",\"@id\":\"https:\/\/gatodumas.com.co\/bogota\/#website\",\"url\":\"https:\/\/gatodumas.com.co\/bogota\/\",\"name\":\"Gato Dumas Bogot\u00e1\",\"description\":\"bogota\",\"publisher\":{\"@id\":\"https:\/\/gatodumas.com.co\/bogota\/#organization\"},\"potentialAction\":[{\"@type\":\"SearchAction\",\"target\":{\"@type\":\"EntryPoint\",\"urlTemplate\":\"https:\/\/gatodumas.com.co\/bogota\/?s={search_term_string}\"},\"query-input\":{\"@type\":\"PropertyValueSpecification\",\"valueRequired\":true,\"valueName\":\"search_term_string\"}}],\"inLanguage\":\"es\"},{\"@type\":\"Organization\",\"@id\":\"https:\/\/gatodumas.com.co\/bogota\/#organization\",\"name\":\"Gato Dumas Bogot\u00e1\",\"url\":\"https:\/\/gatodumas.com.co\/bogota\/\",\"logo\":{\"@type\":\"ImageObject\",\"inLanguage\":\"es\",\"@id\":\"https:\/\/gatodumas.com.co\/bogota\/#\/schema\/logo\/image\/\",\"url\":\"https:\/\/gatodumas.com.co\/bogota\/wp-content\/uploads\/sites\/2\/2024\/02\/cropped-dumas-negro-01-1.png\",\"contentUrl\":\"https:\/\/gatodumas.com.co\/bogota\/wp-content\/uploads\/sites\/2\/2024\/02\/cropped-dumas-negro-01-1.png\",\"width\":2497,\"height\":956,\"caption\":\"Gato Dumas Bogot\u00e1\"},\"image\":{\"@id\":\"https:\/\/gatodumas.com.co\/bogota\/#\/schema\/logo\/image\/\"}}]}<\/script>\n<!-- \/ Yoast SEO plugin. -->","yoast_head_json":{"title":"\u00c1rea Administraci\u00f3n y Eventos - Gato Dumas Bogot\u00e1","robots":{"index":"index","follow":"follow","max-snippet":"max-snippet:-1","max-image-preview":"max-image-preview:large","max-video-preview":"max-video-preview:-1"},"canonical":"https:\/\/gatodumas.com.co\/bogota\/programas\/area-administracion-y-eventos\/","og_locale":"es_ES","og_type":"article","og_title":"\u00c1rea Administraci\u00f3n y Eventos - Gato Dumas Bogot\u00e1","og_description":"[vc_row full_width=\u00bbstretch_row\u00bb equal_height=\u00bbyes\u00bb content_placement=\u00bbmiddle\u00bb el_class=\u00bbmt mb responsive-arriba-l\u00bb css=\u00bb.vc_custom_1718205878603{background-color: #f2f9f9 !important;}\u00bb][vc_column width=\u00bb1\/2&#8243; el_class=\u00bbimg-diplo img-diploa\u00bb css=\u00bb.vc_custom_1718205854348{background-color: #75c2b8 !important;}\u00bb][vc_single_image image=\u00bb15779&#8243; img_size=\u00bbfull\u00bb alignment=\u00bbcenter\u00bb el_class=\u00bbFotografia-varios-programa\u00bb][vc_single_image image=\u00bb15308&#8243; img_size=\u00bbfull\u00bb alignment=\u00bbright\u00bb el_class=\u00bbFotografia-varios-iconos\u00bb][\/vc_column][vc_column width=\u00bb1\/2&#8243; el_class=\u00bbcontenedor-diplomados\u00bb][vc_custom_heading text=\u00bb\u00c1rea de Administraci\u00f3n y Eventos\u00bb use_theme_fonts=\u00bbyes\u00bb el_class=\u00bblinea-titulos-principal mt mb\u00bb][vc_custom_heading text=\u00bbSupervisor de Establecimientos Gastr\u00f3nimicos\u00bb font_container=\u00bbtag:h3|text_align:left\u00bb use_theme_fonts=\u00bbyes\u00bb el_class=\u00bbmt mb text-verde\u00bb][vc_column_text]Descubre tu potencial en el mundo de la gastronom\u00eda con nuestro programa ... Leer m\u00e1s","og_url":"https:\/\/gatodumas.com.co\/bogota\/programas\/area-administracion-y-eventos\/","og_site_name":"Gato Dumas Bogot\u00e1","article_modified_time":"2024-06-12T15:34:48+00:00","twitter_card":"summary_large_image","twitter_misc":{"Tiempo de lectura":"1 minuto"},"schema":{"@context":"https:\/\/schema.org","@graph":[{"@type":"WebPage","@id":"https:\/\/gatodumas.com.co\/bogota\/programas\/area-administracion-y-eventos\/","url":"https:\/\/gatodumas.com.co\/bogota\/programas\/area-administracion-y-eventos\/","name":"\u00c1rea Administraci\u00f3n y Eventos - Gato Dumas Bogot\u00e1","isPartOf":{"@id":"https:\/\/gatodumas.com.co\/bogota\/#website"},"datePublished":"2024-02-28T21:33:27+00:00","dateModified":"2024-06-12T15:34:48+00:00","breadcrumb":{"@id":"https:\/\/gatodumas.com.co\/bogota\/programas\/area-administracion-y-eventos\/#breadcrumb"},"inLanguage":"es","potentialAction":[{"@type":"ReadAction","target":["https:\/\/gatodumas.com.co\/bogota\/programas\/area-administracion-y-eventos\/"]}]},{"@type":"BreadcrumbList","@id":"https:\/\/gatodumas.com.co\/bogota\/programas\/area-administracion-y-eventos\/#breadcrumb","itemListElement":[{"@type":"ListItem","position":1,"name":"Portada","item":"https:\/\/gatodumas.com.co\/bogota\/"},{"@type":"ListItem","position":2,"name":"Programas","item":"https:\/\/gatodumas.com.co\/bogota\/programas\/"},{"@type":"ListItem","position":3,"name":"\u00c1rea Administraci\u00f3n y Eventos"}]},{"@type":"WebSite","@id":"https:\/\/gatodumas.com.co\/bogota\/#website","url":"https:\/\/gatodumas.com.co\/bogota\/","name":"Gato Dumas Bogot\u00e1","description":"bogota","publisher":{"@id":"https:\/\/gatodumas.com.co\/bogota\/#organization"},"potentialAction":[{"@type":"SearchAction","target":{"@type":"EntryPoint","urlTemplate":"https:\/\/gatodumas.com.co\/bogota\/?s={search_term_string}"},"query-input":{"@type":"PropertyValueSpecification","valueRequired":true,"valueName":"search_term_string"}}],"inLanguage":"es"},{"@type":"Organization","@id":"https:\/\/gatodumas.com.co\/bogota\/#organization","name":"Gato Dumas Bogot\u00e1","url":"https:\/\/gatodumas.com.co\/bogota\/","logo":{"@type":"ImageObject","inLanguage":"es","@id":"https:\/\/gatodumas.com.co\/bogota\/#\/schema\/logo\/image\/","url":"https:\/\/gatodumas.com.co\/bogota\/wp-content\/uploads\/sites\/2\/2024\/02\/cropped-dumas-negro-01-1.png","contentUrl":"https:\/\/gatodumas.com.co\/bogota\/wp-content\/uploads\/sites\/2\/2024\/02\/cropped-dumas-negro-01-1.png","width":2497,"height":956,"caption":"Gato Dumas Bogot\u00e1"},"image":{"@id":"https:\/\/gatodumas.com.co\/bogota\/#\/schema\/logo\/image\/"}}]}},"_links":{"self":[{"href":"https:\/\/gatodumas.com.co\/bogota\/wp-json\/wp\/v2\/pages\/45","targetHints":{"allow":["GET"]}}],"collection":[{"href":"https:\/\/gatodumas.com.co\/bogota\/wp-json\/wp\/v2\/pages"}],"about":[{"href":"https:\/\/gatodumas.com.co\/bogota\/wp-json\/wp\/v2\/types\/page"}],"author":[{"embeddable":true,"href":"https:\/\/gatodumas.com.co\/bogota\/wp-json\/wp\/v2\/users\/2"}],"replies":[{"embeddable":true,"href":"https:\/\/gatodumas.com.co\/bogota\/wp-json\/wp\/v2\/comments?post=45"}],"version-history":[{"count":15,"href":"https:\/\/gatodumas.com.co\/bogota\/wp-json\/wp\/v2\/pages\/45\/revisions"}],"predecessor-version":[{"id":17867,"href":"https:\/\/gatodumas.com.co\/bogota\/wp-json\/wp\/v2\/pages\/45\/revisions\/17867"}],"up":[{"embeddable":true,"href":"https:\/\/gatodumas.com.co\/bogota\/wp-json\/wp\/v2\/pages\/36"}],"wp:attachment":[{"href":"https:\/\/gatodumas.com.co\/bogota\/wp-json\/wp\/v2\/media?parent=45"}],"curies":[{"name":"wp","href":"https:\/\/api.w.org\/{rel}","templated":true}]}}