{"id":71,"date":"2024-02-28T22:42:07","date_gmt":"2024-02-28T21:42:07","guid":{"rendered":"https:\/\/pruebas.egt.com.co\/gatodumas\/bogota\/?page_id=71"},"modified":"2025-12-05T16:57:50","modified_gmt":"2025-12-05T15:57:50","slug":"contacto","status":"publish","type":"page","link":"https:\/\/gatodumas.com.co\/bogota\/contacto\/","title":{"rendered":"Contacto"},"content":{"rendered":"<div class=\"wpb-content-wrapper\"><p>[vc_row full_width=\u00bbstretch_row_content_no_spaces\u00bb equal_height=\u00bbyes\u00bb content_placement=\u00bbmiddle\u00bb el_class=\u00bbtext\u2013white\u00bb][vc_column width=\u00bb1\/2&#8243; el_class=\u00bbtext-white padding-pro\u00bb][vc_single_image image=\u00bb14990&#8243; img_size=\u00bbfull\u00bb alignment=\u00bbcenter\u00bb][\/vc_column][vc_column width=\u00bb1\/2&#8243; el_class=\u00bbverde-oscuro text-white padding-pro\u00bb][vc_custom_heading text=\u00bbBogot\u00e1\u00bb use_theme_fonts=\u00bbyes\u00bb el_class=\u00bblinea-titulos-principal-white icono-maps linea-white\u00bb][vc_empty_space height=\u00bb30px\u00bb][vc_column_text el_class=\u00bbtextos-left-a\u00bb]<img loading=\"lazy\" decoding=\"async\" class=\"alignnone wp-image-14845\" src=\"https:\/\/gatodumas.com.co\/bogota\/wp-content\/uploads\/sites\/2\/2024\/03\/telefono.png\" alt=\"\" width=\"15\" height=\"15\" srcset=\"https:\/\/gatodumas.com.co\/bogota\/wp-content\/uploads\/sites\/2\/2024\/03\/telefono.png 300w, https:\/\/gatodumas.com.co\/bogota\/wp-content\/uploads\/sites\/2\/2024\/03\/telefono-150x150.png 150w\" sizes=\"auto, (max-width: 15px) 100vw, 15px\" \/> Ll\u00e1manos: (+57) 300 912 2262<br \/>\n<img loading=\"lazy\" decoding=\"async\" class=\"alignnone wp-image-14843\" src=\"https:\/\/gatodumas.com.co\/bogota\/wp-content\/uploads\/sites\/2\/2024\/03\/email-1.png\" alt=\"\" width=\"15\" height=\"13\" \/> bogota@gatodumas.com<br \/>\n<img loading=\"lazy\" decoding=\"async\" class=\"alignnone wp-image-14844\" src=\"https:\/\/gatodumas.com.co\/bogota\/wp-content\/uploads\/sites\/2\/2024\/03\/ubicacion.png\" alt=\"\" width=\"15\" height=\"15\" srcset=\"https:\/\/gatodumas.com.co\/bogota\/wp-content\/uploads\/sites\/2\/2024\/03\/ubicacion.png 300w, https:\/\/gatodumas.com.co\/bogota\/wp-content\/uploads\/sites\/2\/2024\/03\/ubicacion-150x150.png 150w\" sizes=\"auto, (max-width: 15px) 100vw, 15px\" \/> Autopista Norte #86 &#8211; 21<br \/>\nCostado Occidental, Bogot\u00e1[\/vc_column_text][\/vc_column][\/vc_row]<\/p>\n<\/div>","protected":false},"excerpt":{"rendered":"<p>[vc_row full_width=\u00bbstretch_row_content_no_spaces\u00bb equal_height=\u00bbyes\u00bb content_placement=\u00bbmiddle\u00bb el_class=\u00bbtext\u2013white\u00bb][vc_column width=\u00bb1\/2&#8243; el_class=\u00bbtext-white padding-pro\u00bb][vc_single_image image=\u00bb14990&#8243; img_size=\u00bbfull\u00bb alignment=\u00bbcenter\u00bb][\/vc_column][vc_column width=\u00bb1\/2&#8243; el_class=\u00bbverde-oscuro text-white padding-pro\u00bb][vc_custom_heading text=\u00bbBogot\u00e1\u00bb use_theme_fonts=\u00bbyes\u00bb el_class=\u00bblinea-titulos-principal-white icono-maps linea-white\u00bb][vc_empty_space height=\u00bb30px\u00bb][vc_column_text el_class=\u00bbtextos-left-a\u00bb] Ll\u00e1manos: (+57) 300 912 2262 bogota@gatodumas.com Autopista Norte #86 &#8211; 21 Costado Occidental, Bogot\u00e1[\/vc_column_text][\/vc_column][\/vc_row]<\/p>\n","protected":false},"author":2,"featured_media":0,"parent":0,"menu_order":0,"comment_status":"closed","ping_status":"closed","template":"","meta":{"_acf_changed":false,"footnotes":""},"class_list":["post-71","page","type-page","status-publish"],"acf":[],"yoast_head":"<!-- This site is optimized with the Yoast SEO plugin v25.9 - https:\/\/yoast.com\/wordpress\/plugins\/seo\/ -->\n<title>Cont\u00e1ctanos en Bogot\u00e1 | Gato Dumas<\/title>\n<meta name=\"description\" content=\"Escuela de formaci\u00f3n gastron\u00f3mica Gato Dumas. Programas, cursos y formaci\u00f3n profesional con instructores expertos. \u00a1Cont\u00e1ctanos!\" \/>\n<meta name=\"robots\" content=\"index, follow, max-snippet:-1, max-image-preview:large, max-video-preview:-1\" \/>\n<link rel=\"canonical\" href=\"https:\/\/gatodumas.com.co\/bogota\/contacto\/\" \/>\n<meta property=\"og:locale\" content=\"es_ES\" \/>\n<meta property=\"og:type\" content=\"article\" \/>\n<meta property=\"og:title\" content=\"Cont\u00e1ctanos en Bogot\u00e1 | Gato Dumas\" \/>\n<meta property=\"og:description\" content=\"Escuela de formaci\u00f3n gastron\u00f3mica Gato Dumas. Programas, cursos y formaci\u00f3n profesional con instructores expertos. \u00a1Cont\u00e1ctanos!\" \/>\n<meta property=\"og:url\" content=\"https:\/\/gatodumas.com.co\/bogota\/contacto\/\" \/>\n<meta property=\"og:site_name\" content=\"Gato Dumas Bogot\u00e1\" \/>\n<meta property=\"article:modified_time\" content=\"2025-12-05T15:57:50+00:00\" \/>\n<meta property=\"og:image\" content=\"https:\/\/gatodumas.com.co\/bogota\/wp-content\/uploads\/sites\/2\/2024\/03\/telefono.png\" \/>\n<meta name=\"twitter:card\" content=\"summary_large_image\" \/>\n<meta name=\"twitter:label1\" content=\"Tiempo de lectura\" \/>\n\t<meta name=\"twitter:data1\" content=\"1 minuto\" \/>\n<script type=\"application\/ld+json\" class=\"yoast-schema-graph\">{\"@context\":\"https:\/\/schema.org\",\"@graph\":[{\"@type\":\"WebPage\",\"@id\":\"https:\/\/gatodumas.com.co\/bogota\/contacto\/\",\"url\":\"https:\/\/gatodumas.com.co\/bogota\/contacto\/\",\"name\":\"Cont\u00e1ctanos en Bogot\u00e1 | Gato Dumas\",\"isPartOf\":{\"@id\":\"https:\/\/gatodumas.com.co\/bogota\/#website\"},\"primaryImageOfPage\":{\"@id\":\"https:\/\/gatodumas.com.co\/bogota\/contacto\/#primaryimage\"},\"image\":{\"@id\":\"https:\/\/gatodumas.com.co\/bogota\/contacto\/#primaryimage\"},\"thumbnailUrl\":\"https:\/\/gatodumas.com.co\/bogota\/wp-content\/uploads\/sites\/2\/2024\/03\/telefono.png\",\"datePublished\":\"2024-02-28T21:42:07+00:00\",\"dateModified\":\"2025-12-05T15:57:50+00:00\",\"description\":\"Escuela de formaci\u00f3n gastron\u00f3mica Gato Dumas. Programas, cursos y formaci\u00f3n profesional con instructores expertos. \u00a1Cont\u00e1ctanos!\",\"breadcrumb\":{\"@id\":\"https:\/\/gatodumas.com.co\/bogota\/contacto\/#breadcrumb\"},\"inLanguage\":\"es\",\"potentialAction\":[{\"@type\":\"ReadAction\",\"target\":[\"https:\/\/gatodumas.com.co\/bogota\/contacto\/\"]}]},{\"@type\":\"ImageObject\",\"inLanguage\":\"es\",\"@id\":\"https:\/\/gatodumas.com.co\/bogota\/contacto\/#primaryimage\",\"url\":\"https:\/\/gatodumas.com.co\/bogota\/wp-content\/uploads\/sites\/2\/2024\/03\/telefono.png\",\"contentUrl\":\"https:\/\/gatodumas.com.co\/bogota\/wp-content\/uploads\/sites\/2\/2024\/03\/telefono.png\",\"width\":300,\"height\":300},{\"@type\":\"BreadcrumbList\",\"@id\":\"https:\/\/gatodumas.com.co\/bogota\/contacto\/#breadcrumb\",\"itemListElement\":[{\"@type\":\"ListItem\",\"position\":1,\"name\":\"Portada\",\"item\":\"https:\/\/gatodumas.com.co\/bogota\/\"},{\"@type\":\"ListItem\",\"position\":2,\"name\":\"Contacto\"}]},{\"@type\":\"WebSite\",\"@id\":\"https:\/\/gatodumas.com.co\/bogota\/#website\",\"url\":\"https:\/\/gatodumas.com.co\/bogota\/\",\"name\":\"Gato Dumas Bogot\u00e1\",\"description\":\"bogota\",\"publisher\":{\"@id\":\"https:\/\/gatodumas.com.co\/bogota\/#organization\"},\"potentialAction\":[{\"@type\":\"SearchAction\",\"target\":{\"@type\":\"EntryPoint\",\"urlTemplate\":\"https:\/\/gatodumas.com.co\/bogota\/?s={search_term_string}\"},\"query-input\":{\"@type\":\"PropertyValueSpecification\",\"valueRequired\":true,\"valueName\":\"search_term_string\"}}],\"inLanguage\":\"es\"},{\"@type\":\"Organization\",\"@id\":\"https:\/\/gatodumas.com.co\/bogota\/#organization\",\"name\":\"Gato Dumas Bogot\u00e1\",\"url\":\"https:\/\/gatodumas.com.co\/bogota\/\",\"logo\":{\"@type\":\"ImageObject\",\"inLanguage\":\"es\",\"@id\":\"https:\/\/gatodumas.com.co\/bogota\/#\/schema\/logo\/image\/\",\"url\":\"https:\/\/gatodumas.com.co\/bogota\/wp-content\/uploads\/sites\/2\/2024\/02\/cropped-dumas-negro-01-1.png\",\"contentUrl\":\"https:\/\/gatodumas.com.co\/bogota\/wp-content\/uploads\/sites\/2\/2024\/02\/cropped-dumas-negro-01-1.png\",\"width\":2497,\"height\":956,\"caption\":\"Gato Dumas Bogot\u00e1\"},\"image\":{\"@id\":\"https:\/\/gatodumas.com.co\/bogota\/#\/schema\/logo\/image\/\"}}]}<\/script>\n<!-- \/ Yoast SEO plugin. -->","yoast_head_json":{"title":"Cont\u00e1ctanos en Bogot\u00e1 | Gato Dumas","description":"Escuela de formaci\u00f3n gastron\u00f3mica Gato Dumas. Programas, cursos y formaci\u00f3n profesional con instructores expertos. \u00a1Cont\u00e1ctanos!","robots":{"index":"index","follow":"follow","max-snippet":"max-snippet:-1","max-image-preview":"max-image-preview:large","max-video-preview":"max-video-preview:-1"},"canonical":"https:\/\/gatodumas.com.co\/bogota\/contacto\/","og_locale":"es_ES","og_type":"article","og_title":"Cont\u00e1ctanos en Bogot\u00e1 | Gato Dumas","og_description":"Escuela de formaci\u00f3n gastron\u00f3mica Gato Dumas. Programas, cursos y formaci\u00f3n profesional con instructores expertos. \u00a1Cont\u00e1ctanos!","og_url":"https:\/\/gatodumas.com.co\/bogota\/contacto\/","og_site_name":"Gato Dumas Bogot\u00e1","article_modified_time":"2025-12-05T15:57:50+00:00","og_image":[{"url":"https:\/\/gatodumas.com.co\/bogota\/wp-content\/uploads\/sites\/2\/2024\/03\/telefono.png","type":"","width":"","height":""}],"twitter_card":"summary_large_image","twitter_misc":{"Tiempo de lectura":"1 minuto"},"schema":{"@context":"https:\/\/schema.org","@graph":[{"@type":"WebPage","@id":"https:\/\/gatodumas.com.co\/bogota\/contacto\/","url":"https:\/\/gatodumas.com.co\/bogota\/contacto\/","name":"Cont\u00e1ctanos en Bogot\u00e1 | Gato Dumas","isPartOf":{"@id":"https:\/\/gatodumas.com.co\/bogota\/#website"},"primaryImageOfPage":{"@id":"https:\/\/gatodumas.com.co\/bogota\/contacto\/#primaryimage"},"image":{"@id":"https:\/\/gatodumas.com.co\/bogota\/contacto\/#primaryimage"},"thumbnailUrl":"https:\/\/gatodumas.com.co\/bogota\/wp-content\/uploads\/sites\/2\/2024\/03\/telefono.png","datePublished":"2024-02-28T21:42:07+00:00","dateModified":"2025-12-05T15:57:50+00:00","description":"Escuela de formaci\u00f3n gastron\u00f3mica Gato Dumas. Programas, cursos y formaci\u00f3n profesional con instructores expertos. \u00a1Cont\u00e1ctanos!","breadcrumb":{"@id":"https:\/\/gatodumas.com.co\/bogota\/contacto\/#breadcrumb"},"inLanguage":"es","potentialAction":[{"@type":"ReadAction","target":["https:\/\/gatodumas.com.co\/bogota\/contacto\/"]}]},{"@type":"ImageObject","inLanguage":"es","@id":"https:\/\/gatodumas.com.co\/bogota\/contacto\/#primaryimage","url":"https:\/\/gatodumas.com.co\/bogota\/wp-content\/uploads\/sites\/2\/2024\/03\/telefono.png","contentUrl":"https:\/\/gatodumas.com.co\/bogota\/wp-content\/uploads\/sites\/2\/2024\/03\/telefono.png","width":300,"height":300},{"@type":"BreadcrumbList","@id":"https:\/\/gatodumas.com.co\/bogota\/contacto\/#breadcrumb","itemListElement":[{"@type":"ListItem","position":1,"name":"Portada","item":"https:\/\/gatodumas.com.co\/bogota\/"},{"@type":"ListItem","position":2,"name":"Contacto"}]},{"@type":"WebSite","@id":"https:\/\/gatodumas.com.co\/bogota\/#website","url":"https:\/\/gatodumas.com.co\/bogota\/","name":"Gato Dumas Bogot\u00e1","description":"bogota","publisher":{"@id":"https:\/\/gatodumas.com.co\/bogota\/#organization"},"potentialAction":[{"@type":"SearchAction","target":{"@type":"EntryPoint","urlTemplate":"https:\/\/gatodumas.com.co\/bogota\/?s={search_term_string}"},"query-input":{"@type":"PropertyValueSpecification","valueRequired":true,"valueName":"search_term_string"}}],"inLanguage":"es"},{"@type":"Organization","@id":"https:\/\/gatodumas.com.co\/bogota\/#organization","name":"Gato Dumas Bogot\u00e1","url":"https:\/\/gatodumas.com.co\/bogota\/","logo":{"@type":"ImageObject","inLanguage":"es","@id":"https:\/\/gatodumas.com.co\/bogota\/#\/schema\/logo\/image\/","url":"https:\/\/gatodumas.com.co\/bogota\/wp-content\/uploads\/sites\/2\/2024\/02\/cropped-dumas-negro-01-1.png","contentUrl":"https:\/\/gatodumas.com.co\/bogota\/wp-content\/uploads\/sites\/2\/2024\/02\/cropped-dumas-negro-01-1.png","width":2497,"height":956,"caption":"Gato Dumas Bogot\u00e1"},"image":{"@id":"https:\/\/gatodumas.com.co\/bogota\/#\/schema\/logo\/image\/"}}]}},"_links":{"self":[{"href":"https:\/\/gatodumas.com.co\/bogota\/wp-json\/wp\/v2\/pages\/71","targetHints":{"allow":["GET"]}}],"collection":[{"href":"https:\/\/gatodumas.com.co\/bogota\/wp-json\/wp\/v2\/pages"}],"about":[{"href":"https:\/\/gatodumas.com.co\/bogota\/wp-json\/wp\/v2\/types\/page"}],"author":[{"embeddable":true,"href":"https:\/\/gatodumas.com.co\/bogota\/wp-json\/wp\/v2\/users\/2"}],"replies":[{"embeddable":true,"href":"https:\/\/gatodumas.com.co\/bogota\/wp-json\/wp\/v2\/comments?post=71"}],"version-history":[{"count":22,"href":"https:\/\/gatodumas.com.co\/bogota\/wp-json\/wp\/v2\/pages\/71\/revisions"}],"predecessor-version":[{"id":15716,"href":"https:\/\/gatodumas.com.co\/bogota\/wp-json\/wp\/v2\/pages\/71\/revisions\/15716"}],"wp:attachment":[{"href":"https:\/\/gatodumas.com.co\/bogota\/wp-json\/wp\/v2\/media?parent=71"}],"curies":[{"name":"wp","href":"https:\/\/api.w.org\/{rel}","templated":true}]}}