{"id":28594,"date":"2026-05-15T13:24:34","date_gmt":"2026-05-15T18:24:34","guid":{"rendered":"https:\/\/gatodumas.com.co\/bogota\/?post_type=product&#038;p=28594"},"modified":"2026-05-15T13:24:34","modified_gmt":"2026-05-15T18:24:34","slug":"cocina-vacaciones-mini-chef-bogota-junio-2026","status":"publish","type":"product","link":"https:\/\/gatodumas.com.co\/bogota\/producto\/cocina-vacaciones-mini-chef-bogota-junio-2026\/","title":{"rendered":"Cocina de Vacaciones: Aventura para Mini Chef 7 a 12 a\u00f1os"},"content":{"rendered":"<p>Una experiencia pensada para que los ni\u00f1os aprovechen las vacaciones de mitad de a\u00f1o aprendiendo, explorando y divirti\u00e9ndose en la cocina. En Instituto Gato Dumas Bogot\u00e1 los peque\u00f1os chefs van a vivir 4 d\u00edas de aventura culinaria, con actividades pensadas para su edad y guiadas por el chef Felipe Pinz\u00f3n.<\/p>\n<p>A trav\u00e9s del juego y la pr\u00e1ctica, los ni\u00f1os van a descubrir ingredientes, t\u00e9cnicas b\u00e1sicas y recetas que pueden replicar en casa. Una semana para sembrar el amor por la cocina y desarrollar autonom\u00eda, creatividad y trabajo en equipo.<\/p>\n<p>Curso de 4 clases presenciales de 2 horas y media, de lunes 22 a jueves 25 de junio, de 10:00 AM a 12:30 PM, en nuestra sede de Bogot\u00e1. Dirigido a ni\u00f1os y ni\u00f1as entre 7 y 12 a\u00f1os.<\/p>\n<h3>Contenido por clase<\/h3>\n<p><strong>Clase 1<\/strong><\/p>\n<ul>\n<li>Lasa\u00f1a bolo\u00f1esa<\/li>\n<li>Wrap de pollo crocante con hummus, salsa de yogurt y zanahorias asadas con miel<\/li>\n<li>Tacos de carnitas con guacamole<\/li>\n<\/ul>\n<p><strong>Clase 2<\/strong><\/p>\n<ul>\n<li>Sushi: maki redondo, cuadrado, ojo de tigre e invertido<\/li>\n<\/ul>\n<p><strong>Clase 3<\/strong><\/p>\n<ul>\n<li>Brownies de chocolate con trocitos crujientes<\/li>\n<li>Decoraci\u00f3n de donas y galletas<\/li>\n<\/ul>\n<p><strong>Clase 4<\/strong><\/p>\n<ul>\n<li>Trufas de coco y cacao<\/li>\n<li>Mini cheesecakes con salsa de frutas tropicales<\/li>\n<\/ul>\n","protected":false},"excerpt":{"rendered":"<p>Una experiencia pensada para que los ni\u00f1os aprovechen las vacaciones de mitad de a\u00f1o aprendiendo, explorando y divirti\u00e9ndose en la cocina. En Instituto Gato Dumas Bogot\u00e1 los peque\u00f1os chefs van a vivir 4 d\u00edas de aventura culinaria, con actividades pensadas para su edad y guiadas por el chef Felipe Pinz\u00f3n. A trav\u00e9s del juego y &#8230; <a title=\"Cocina de Vacaciones: Aventura para Mini Chef 7 a 12 a\u00f1os\" class=\"read-more\" href=\"https:\/\/gatodumas.com.co\/bogota\/producto\/cocina-vacaciones-mini-chef-bogota-junio-2026\/\" aria-label=\"Leer m\u00e1s sobre Cocina de Vacaciones: Aventura para Mini Chef 7 a 12 a\u00f1os\">Leer m\u00e1s<\/a><\/p>\n","protected":false},"featured_media":28596,"template":"","meta":{"_acf_changed":false},"product_brand":[],"product_cat":[116],"product_tag":[137,153,142,138,151,150,152],"class_list":{"0":"post-28594","1":"product","2":"type-product","3":"status-publish","4":"has-post-thumbnail","6":"product_cat-cursos-cortos","7":"product_tag-bogota","8":"product_tag-cocina-infantil","9":"product_tag-curso-corto","10":"product_tag-junio-2026","11":"product_tag-mini-chef","12":"product_tag-ninos","13":"product_tag-vacaciones","15":"first","16":"instock","17":"shipping-taxable","18":"purchasable","19":"product-type-simple"},"acf":[],"yoast_head":"<!-- This site is optimized with the Yoast SEO plugin v25.9 - https:\/\/yoast.com\/wordpress\/plugins\/seo\/ -->\n<title>Curso Cocina Vacaciones Ni\u00f1os 7 a 12 a\u00f1os Bogot\u00e1 - Junio 2026 | Gato Dumas<\/title>\n<meta name=\"description\" content=\"Vacaciones de mitad de a\u00f1o en la cocina. 4 d\u00edas para ni\u00f1os de 7 a 12 a\u00f1os, del 22 al 25 de junio en Bogot\u00e1.\" \/>\n<meta name=\"robots\" content=\"index, follow, max-snippet:-1, max-image-preview:large, max-video-preview:-1\" \/>\n<link rel=\"canonical\" href=\"https:\/\/gatodumas.com.co\/bogota\/producto\/cocina-vacaciones-mini-chef-bogota-junio-2026\/\" \/>\n<meta property=\"og:locale\" content=\"es_ES\" \/>\n<meta property=\"og:type\" content=\"article\" \/>\n<meta property=\"og:title\" content=\"Curso Cocina Vacaciones Ni\u00f1os 7 a 12 a\u00f1os Bogot\u00e1 - Junio 2026 | Gato Dumas\" \/>\n<meta property=\"og:description\" content=\"Vacaciones de mitad de a\u00f1o en la cocina. 4 d\u00edas para ni\u00f1os de 7 a 12 a\u00f1os, del 22 al 25 de junio en Bogot\u00e1.\" \/>\n<meta property=\"og:url\" content=\"https:\/\/gatodumas.com.co\/bogota\/producto\/cocina-vacaciones-mini-chef-bogota-junio-2026\/\" \/>\n<meta property=\"og:site_name\" content=\"Gato Dumas Bogot\u00e1\" \/>\n<meta property=\"og:image\" content=\"https:\/\/gatodumas.com.co\/bogota\/wp-content\/uploads\/sites\/2\/2026\/05\/26.jpg\" \/>\n\t<meta property=\"og:image:width\" content=\"1080\" \/>\n\t<meta property=\"og:image:height\" content=\"1350\" \/>\n\t<meta property=\"og:image:type\" content=\"image\/jpeg\" \/>\n<meta name=\"twitter:card\" content=\"summary_large_image\" \/>\n<meta name=\"twitter:label1\" content=\"Tiempo de lectura\" \/>\n\t<meta name=\"twitter:data1\" content=\"2 minutos\" \/>\n<script type=\"application\/ld+json\" class=\"yoast-schema-graph\">{\"@context\":\"https:\/\/schema.org\",\"@graph\":[{\"@type\":\"WebPage\",\"@id\":\"https:\/\/gatodumas.com.co\/bogota\/producto\/cocina-vacaciones-mini-chef-bogota-junio-2026\/\",\"url\":\"https:\/\/gatodumas.com.co\/bogota\/producto\/cocina-vacaciones-mini-chef-bogota-junio-2026\/\",\"name\":\"Curso Cocina Vacaciones Ni\u00f1os 7 a 12 a\u00f1os Bogot\u00e1 - Junio 2026 | Gato Dumas\",\"isPartOf\":{\"@id\":\"https:\/\/gatodumas.com.co\/bogota\/#website\"},\"primaryImageOfPage\":{\"@id\":\"https:\/\/gatodumas.com.co\/bogota\/producto\/cocina-vacaciones-mini-chef-bogota-junio-2026\/#primaryimage\"},\"image\":{\"@id\":\"https:\/\/gatodumas.com.co\/bogota\/producto\/cocina-vacaciones-mini-chef-bogota-junio-2026\/#primaryimage\"},\"thumbnailUrl\":\"https:\/\/gatodumas.com.co\/bogota\/wp-content\/uploads\/sites\/2\/2026\/05\/26.jpg\",\"datePublished\":\"2026-05-15T18:24:34+00:00\",\"description\":\"Vacaciones de mitad de a\u00f1o en la cocina. 4 d\u00edas para ni\u00f1os de 7 a 12 a\u00f1os, del 22 al 25 de junio en Bogot\u00e1.\",\"breadcrumb\":{\"@id\":\"https:\/\/gatodumas.com.co\/bogota\/producto\/cocina-vacaciones-mini-chef-bogota-junio-2026\/#breadcrumb\"},\"inLanguage\":\"es\",\"potentialAction\":[{\"@type\":\"ReadAction\",\"target\":[\"https:\/\/gatodumas.com.co\/bogota\/producto\/cocina-vacaciones-mini-chef-bogota-junio-2026\/\"]}]},{\"@type\":\"ImageObject\",\"inLanguage\":\"es\",\"@id\":\"https:\/\/gatodumas.com.co\/bogota\/producto\/cocina-vacaciones-mini-chef-bogota-junio-2026\/#primaryimage\",\"url\":\"https:\/\/gatodumas.com.co\/bogota\/wp-content\/uploads\/sites\/2\/2026\/05\/26.jpg\",\"contentUrl\":\"https:\/\/gatodumas.com.co\/bogota\/wp-content\/uploads\/sites\/2\/2026\/05\/26.jpg\",\"width\":1080,\"height\":1350},{\"@type\":\"BreadcrumbList\",\"@id\":\"https:\/\/gatodumas.com.co\/bogota\/producto\/cocina-vacaciones-mini-chef-bogota-junio-2026\/#breadcrumb\",\"itemListElement\":[{\"@type\":\"ListItem\",\"position\":1,\"name\":\"Portada\",\"item\":\"https:\/\/gatodumas.com.co\/bogota\/\"},{\"@type\":\"ListItem\",\"position\":2,\"name\":\"Tienda\",\"item\":\"https:\/\/gatodumas.com.co\/bogota\/tienda\/\"},{\"@type\":\"ListItem\",\"position\":3,\"name\":\"Cocina de Vacaciones: Aventura para Mini Chef 7 a 12 a\u00f1os\"}]},{\"@type\":\"WebSite\",\"@id\":\"https:\/\/gatodumas.com.co\/bogota\/#website\",\"url\":\"https:\/\/gatodumas.com.co\/bogota\/\",\"name\":\"Gato Dumas Bogot\u00e1\",\"description\":\"bogota\",\"publisher\":{\"@id\":\"https:\/\/gatodumas.com.co\/bogota\/#organization\"},\"potentialAction\":[{\"@type\":\"SearchAction\",\"target\":{\"@type\":\"EntryPoint\",\"urlTemplate\":\"https:\/\/gatodumas.com.co\/bogota\/?s={search_term_string}\"},\"query-input\":{\"@type\":\"PropertyValueSpecification\",\"valueRequired\":true,\"valueName\":\"search_term_string\"}}],\"inLanguage\":\"es\"},{\"@type\":\"Organization\",\"@id\":\"https:\/\/gatodumas.com.co\/bogota\/#organization\",\"name\":\"Gato Dumas Bogot\u00e1\",\"url\":\"https:\/\/gatodumas.com.co\/bogota\/\",\"logo\":{\"@type\":\"ImageObject\",\"inLanguage\":\"es\",\"@id\":\"https:\/\/gatodumas.com.co\/bogota\/#\/schema\/logo\/image\/\",\"url\":\"https:\/\/gatodumas.com.co\/bogota\/wp-content\/uploads\/sites\/2\/2024\/02\/cropped-dumas-negro-01-1.png\",\"contentUrl\":\"https:\/\/gatodumas.com.co\/bogota\/wp-content\/uploads\/sites\/2\/2024\/02\/cropped-dumas-negro-01-1.png\",\"width\":2497,\"height\":956,\"caption\":\"Gato Dumas Bogot\u00e1\"},\"image\":{\"@id\":\"https:\/\/gatodumas.com.co\/bogota\/#\/schema\/logo\/image\/\"}}]}<\/script>\n<!-- \/ Yoast SEO plugin. -->","yoast_head_json":{"title":"Curso Cocina Vacaciones Ni\u00f1os 7 a 12 a\u00f1os Bogot\u00e1 - Junio 2026 | Gato Dumas","description":"Vacaciones de mitad de a\u00f1o en la cocina. 4 d\u00edas para ni\u00f1os de 7 a 12 a\u00f1os, del 22 al 25 de junio en Bogot\u00e1.","robots":{"index":"index","follow":"follow","max-snippet":"max-snippet:-1","max-image-preview":"max-image-preview:large","max-video-preview":"max-video-preview:-1"},"canonical":"https:\/\/gatodumas.com.co\/bogota\/producto\/cocina-vacaciones-mini-chef-bogota-junio-2026\/","og_locale":"es_ES","og_type":"article","og_title":"Curso Cocina Vacaciones Ni\u00f1os 7 a 12 a\u00f1os Bogot\u00e1 - Junio 2026 | Gato Dumas","og_description":"Vacaciones de mitad de a\u00f1o en la cocina. 4 d\u00edas para ni\u00f1os de 7 a 12 a\u00f1os, del 22 al 25 de junio en Bogot\u00e1.","og_url":"https:\/\/gatodumas.com.co\/bogota\/producto\/cocina-vacaciones-mini-chef-bogota-junio-2026\/","og_site_name":"Gato Dumas Bogot\u00e1","og_image":[{"width":1080,"height":1350,"url":"https:\/\/gatodumas.com.co\/bogota\/wp-content\/uploads\/sites\/2\/2026\/05\/26.jpg","type":"image\/jpeg"}],"twitter_card":"summary_large_image","twitter_misc":{"Tiempo de lectura":"2 minutos"},"schema":{"@context":"https:\/\/schema.org","@graph":[{"@type":"WebPage","@id":"https:\/\/gatodumas.com.co\/bogota\/producto\/cocina-vacaciones-mini-chef-bogota-junio-2026\/","url":"https:\/\/gatodumas.com.co\/bogota\/producto\/cocina-vacaciones-mini-chef-bogota-junio-2026\/","name":"Curso Cocina Vacaciones Ni\u00f1os 7 a 12 a\u00f1os Bogot\u00e1 - Junio 2026 | Gato Dumas","isPartOf":{"@id":"https:\/\/gatodumas.com.co\/bogota\/#website"},"primaryImageOfPage":{"@id":"https:\/\/gatodumas.com.co\/bogota\/producto\/cocina-vacaciones-mini-chef-bogota-junio-2026\/#primaryimage"},"image":{"@id":"https:\/\/gatodumas.com.co\/bogota\/producto\/cocina-vacaciones-mini-chef-bogota-junio-2026\/#primaryimage"},"thumbnailUrl":"https:\/\/gatodumas.com.co\/bogota\/wp-content\/uploads\/sites\/2\/2026\/05\/26.jpg","datePublished":"2026-05-15T18:24:34+00:00","description":"Vacaciones de mitad de a\u00f1o en la cocina. 4 d\u00edas para ni\u00f1os de 7 a 12 a\u00f1os, del 22 al 25 de junio en Bogot\u00e1.","breadcrumb":{"@id":"https:\/\/gatodumas.com.co\/bogota\/producto\/cocina-vacaciones-mini-chef-bogota-junio-2026\/#breadcrumb"},"inLanguage":"es","potentialAction":[{"@type":"ReadAction","target":["https:\/\/gatodumas.com.co\/bogota\/producto\/cocina-vacaciones-mini-chef-bogota-junio-2026\/"]}]},{"@type":"ImageObject","inLanguage":"es","@id":"https:\/\/gatodumas.com.co\/bogota\/producto\/cocina-vacaciones-mini-chef-bogota-junio-2026\/#primaryimage","url":"https:\/\/gatodumas.com.co\/bogota\/wp-content\/uploads\/sites\/2\/2026\/05\/26.jpg","contentUrl":"https:\/\/gatodumas.com.co\/bogota\/wp-content\/uploads\/sites\/2\/2026\/05\/26.jpg","width":1080,"height":1350},{"@type":"BreadcrumbList","@id":"https:\/\/gatodumas.com.co\/bogota\/producto\/cocina-vacaciones-mini-chef-bogota-junio-2026\/#breadcrumb","itemListElement":[{"@type":"ListItem","position":1,"name":"Portada","item":"https:\/\/gatodumas.com.co\/bogota\/"},{"@type":"ListItem","position":2,"name":"Tienda","item":"https:\/\/gatodumas.com.co\/bogota\/tienda\/"},{"@type":"ListItem","position":3,"name":"Cocina de Vacaciones: Aventura para Mini Chef 7 a 12 a\u00f1os"}]},{"@type":"WebSite","@id":"https:\/\/gatodumas.com.co\/bogota\/#website","url":"https:\/\/gatodumas.com.co\/bogota\/","name":"Gato Dumas Bogot\u00e1","description":"bogota","publisher":{"@id":"https:\/\/gatodumas.com.co\/bogota\/#organization"},"potentialAction":[{"@type":"SearchAction","target":{"@type":"EntryPoint","urlTemplate":"https:\/\/gatodumas.com.co\/bogota\/?s={search_term_string}"},"query-input":{"@type":"PropertyValueSpecification","valueRequired":true,"valueName":"search_term_string"}}],"inLanguage":"es"},{"@type":"Organization","@id":"https:\/\/gatodumas.com.co\/bogota\/#organization","name":"Gato Dumas Bogot\u00e1","url":"https:\/\/gatodumas.com.co\/bogota\/","logo":{"@type":"ImageObject","inLanguage":"es","@id":"https:\/\/gatodumas.com.co\/bogota\/#\/schema\/logo\/image\/","url":"https:\/\/gatodumas.com.co\/bogota\/wp-content\/uploads\/sites\/2\/2024\/02\/cropped-dumas-negro-01-1.png","contentUrl":"https:\/\/gatodumas.com.co\/bogota\/wp-content\/uploads\/sites\/2\/2024\/02\/cropped-dumas-negro-01-1.png","width":2497,"height":956,"caption":"Gato Dumas Bogot\u00e1"},"image":{"@id":"https:\/\/gatodumas.com.co\/bogota\/#\/schema\/logo\/image\/"}}]}},"_links":{"self":[{"href":"https:\/\/gatodumas.com.co\/bogota\/wp-json\/wp\/v2\/product\/28594","targetHints":{"allow":["GET"]}}],"collection":[{"href":"https:\/\/gatodumas.com.co\/bogota\/wp-json\/wp\/v2\/product"}],"about":[{"href":"https:\/\/gatodumas.com.co\/bogota\/wp-json\/wp\/v2\/types\/product"}],"wp:featuredmedia":[{"embeddable":true,"href":"https:\/\/gatodumas.com.co\/bogota\/wp-json\/wp\/v2\/media\/28596"}],"wp:attachment":[{"href":"https:\/\/gatodumas.com.co\/bogota\/wp-json\/wp\/v2\/media?parent=28594"}],"wp:term":[{"taxonomy":"product_brand","embeddable":true,"href":"https:\/\/gatodumas.com.co\/bogota\/wp-json\/wp\/v2\/product_brand?post=28594"},{"taxonomy":"product_cat","embeddable":true,"href":"https:\/\/gatodumas.com.co\/bogota\/wp-json\/wp\/v2\/product_cat?post=28594"},{"taxonomy":"product_tag","embeddable":true,"href":"https:\/\/gatodumas.com.co\/bogota\/wp-json\/wp\/v2\/product_tag?post=28594"}],"curies":[{"name":"wp","href":"https:\/\/api.w.org\/{rel}","templated":true}]}}